8*t**2 + 4*t + 2. Let v be w(-6). Let k be (12/30)/((-2)/v). Let d = k + -66. What is the units digit of d?
8
Let l(f) = 2*f**3 + 8*f**2 - 69*f + 2. What is the tens digit of l(12)?
8
What is the hundreds digit of (123 - 130)/(2/(-58))?
2
Let f(y) be the third derivative of -13*y**5/10 - 19*y**4/24 + y**3/3 - 2*y**2. Let c be f(11). What is the units digit of 2/14 - c/105?
2
Let z = 6 + -8. What is the tens digit of ((-1276)/145)/(z/55)?
4
Let k(t) = 137*t**2 - 157*t + 42. What is the units digit of k(8)?
4
Let h(p) = p**3 + 12*p**2 + 5. Let a be h(-12). Suppose -17 = -a*s + 1373. What is the hundreds digit of s?
2
What is the hundreds digit of (-2)/(-22) - (-14101944)/1947?
2
Suppose -32*i + 4 = -31*i. Suppose -4*q = 3*r + 57, 2*q + i*r - 49 = 5*q. What is the tens digit of (-483)/(-6) + q/10?
7
Let v(i) = 17763*i**3 - 6*i**2 + 14*i - 9. What is the units digit of v(1)?
2
Let c be (-1412172)/(-216) - (-1)/6. Suppose c + 1690 = 11*t. What is the tens digit of t?
4
Suppose -5*c = 2*o - 1461, 0*c - 1458 = -2*o - 2*c. Suppose o = 18*z - 14*z. What is the units digit of z?
2
Suppose 3*j + 16 = -5*f, 7*f = 9*f + 10. What is the tens digit of -6 - -1 - -2 - (j + -106)?
0
Let o be 20/5*21/(-2). Let b be (-4 - 18)*3/6. Let x = b - o. What is the units digit of x?
1
Let x be (10/(-3) - -3)/((-11)/231). Suppose 2*l - 50 = -j, 3*j - x*j = -5*l + 138. What is the tens digit of l?
2
Let x(i) = -2292*i - 511. What is the tens digit of x(-17)?
5
Let z be (-5)/((-25)/5) - 1027/1. Let y = z + 2136. What is the thousands digit of y?
1
Let u(y) = -362*y - 3858. What is the units digit of u(-66)?
4
Suppose -4*k - 14 = -s, 14 = -2*k - 0*s + 4*s. Let g = k + 77. What is the tens digit of (-3 - -4) + (g - (-4)/(-4))?
7
Suppose -7*d + 0*d + 588 = 0. Suppose 0 = -q - d + 113. What is the units digit of q?
9
Let w be (3 + -1)*-51*3/(-18). Suppose w*q + 6 = 19*q. What is the tens digit of q/(-1) - -7 - 92/(-2)?
5
Suppose 4*j = 13*t - 11*t - 1896, 0 = 5*t + 4*j - 4754. Let a = t + -525. What is the tens digit of a?
2
Let i(h) = 22*h**2 + 141*h - 22. What is the hundreds digit of i(-10)?
7
Suppose -3*c + 24696 = 5*b - 30312, 3*b - c - 33016 = 0. What is the tens digit of b?
0
Suppose 5*q = -2*w - 2*w + 8762, 5*w + 3518 = 2*q. Suppose 4*v + q = -2*a + 518, 3*v = 2*a - 934. What is the units digit of v/(-4) - (2 + (-3)/6)?
6
What is the thousands digit of (3*4/(-30))/(4 - (-1807363)/(-451835))?
7
What is the ten thousands digit of ((-68238)/4)/(678/(-452))?
1
Suppose h - 2*v - 202 = 0, 5*h - 75 - 910 = 5*v. Suppose 0 = -4*g + 44 + h. Suppose g = 5*u - 141. What is the units digit of u?
0
Suppose -26176 - 38128 = 8*z. What is the hundreds digit of z/(-26) + (-8)/52?
3
Let p(q) = q**2 + 25*q + 21. Let m be p(-16). What is the tens digit of -2*(-6 + 5 + m)?
4
Let p = 7369 - 6845. What is the units digit of p?
4
Let r = -5385 + 10969. What is the hundreds digit of r?
5
Let x(n) = 2*n**2 + 17*n + 10. Let v be x(-7). Let d be (123/(-2))/(v/22). Suppose -3*k + 102 = -d. What is the units digit of k?
5
What is the thousands digit of 22/(-66) + (-56701)/(-6)*2?
8
Let i(u) = 101*u**2 + u - 40. Let s be i(-6). Suppose -3*b - 671 = 3*f - s, 3*f + 2*b - 2924 = 0. What is the hundreds digit of f?
9
Let w(u) = 10*u + 195. Let v be w(28). Let k = v - 387. What is the units digit of k?
8
Let w be 3/1 + 2*(-4)/(-2). Let m = 6 - w. What is the units digit of (20/12)/(m - 21/(-18))?
0
Let v be 2/(4/(-20) - 6/(-26)). Let y = -130 + v. Let a = -55 - y. What is the tens digit of a?
1
Let p = 21023 + 22195. What is the ten thousands digit of p?
4
Suppose -27*k + 26553 + 576816 = 0. What is the ten thousands digit of k?
2
Let o(j) = -j**3 + 9*j**2 + 17. Let b be o(9). Suppose b*l - 9*l = 2592. Suppose -l = -4*i + 236. What is the tens digit of i?
4
Let l = 523 + -526. Let o(a) = 100*a**2 - 4*a - 31. What is the tens digit of o(l)?
8
Let x(m) be the first derivative of 4*m**3/3 + 4*m**2 - 20*m + 50. Let p be x(-5). What is the hundreds digit of ((-48)/p)/((-6)/675)?
1
Let s(p) = -160*p - 26. Let z be s(-11). What is the tens digit of (2 + 3 - z/4)*-2?
5
Let u be (1 - 14/(-6))*1446/1205. Suppose 2*b + 4*t - 2184 = t, -4340 = -u*b + t. What is the thousands digit of b?
1
Suppose -3*k = 5*y - 96, 0 = y + 4*k + 1 - 27. Suppose -7*t = -y*t + 869. What is the units digit of t?
9
What is the ten thousands digit of -45*1868/(-5)*(112/42 + -1)?
2
Suppose 0 = -4*h - 3*o + 71396, h - 13478 - 4376 = -2*o. What is the tens digit of h?
4
Suppose 4*h - i + 3 = 0, 3*h - 3*i = -4*i + 3. Suppose 0 = -h*o + 5*o - 25. Suppose 2*m - m = -2, -o*u = 2*m - 6. What is the units digit of u?
2
Let a = -7 - 8. Let t = -15 - a. Suppose 3*n + v = -115 + 665, n - 2*v - 188 = t. What is the hundreds digit of n?
1
Let z = -119 + 134. Suppose 0 = -z*k + 1329 - 189. What is the units digit of k?
6
Let h = -10 - -11. Let u(s) = s + 2. Let n be u(h). What is the units digit of ((-4 - 0) + n)*-93?
3
Let b = -101 + 187. Suppose 374 = 4*i + 6. Let d = i - b. What is the units digit of d?
6
Let z = -256 - -251. What is the tens digit of (-2388)/z - 12/20?
7
Suppose -g + 16 = -25. Suppose 21 - g = -5*b. Suppose m = b*m - 90. What is the units digit of m?
0
Let r = -19365 + 28943. What is the tens digit of r?
7
Let g = -1050 - -1248. What is the hundreds digit of g?
1
Let m(w) = w**3 + 44*w**2 - 150*w + 15. Let g be m(-45). Suppose -3*o + 6*o + 3*t - g = 0, -2*o + 3*t = -3170. What is the tens digit of o?
8
Suppose -670185 - 193971 = -31*d. Suppose d = 14*v + 9*v. What is the thousands digit of v?
1
What is the tens digit of 8 + -1 + -17 - (-6 - 14664)?
6
Suppose 0 = 5*t - v - 40733, 4*t - 32593 = 13*v - 10*v. What is the thousands digit of t?
8
What is the tens digit of (-1)/(-9 + 2)*(-293 - -4906)?
5
Suppose -18 = -g - 3*m, 3*m + 13 = -2*g + 34. Suppose g*k + 2*k = 1790. What is the tens digit of k?
5
What is the units digit of 2158*((-6)/(-4) + 2)?
3
Let t(r) = r**3 - r + 40. Let g be t(0). Let o = -161 - -211. Let v = o - g. What is the units digit of v?
0
Let s(k) = -k**3 + 20*k**2 - 63*k + 4. Let m be s(16). Let u(t) = 6*t + 32. Let b(i) = 1. Let z(y) = 6*b(y) + u(y). What is the units digit of z(m)?
8
Suppose 0 = -s - 7 - 34. Let l = -27 - s. Suppose -5*z + 45 = 2*t, 2*t - 47 = -z - l. What is the units digit of t?
5
Let y(t) = 136*t - 382. What is the thousands digit of y(28)?
3
Suppose 0 = -3*s - 3*s + 54. Let f(m) = 3*m - 26. Let w be f(s). Suppose -w + 27 = b. What is the units digit of b?
6
What is the thousands digit of 69 + -65 - (-3 - (0 - -15355))?
5
Let i(s) = -s**3 - 22*s**2 + 24*s + 32. Let j be i(-23). Let c(m) = -m**3 - 4*m**2 - 15*m - m**2 - 5 + 3*m**2 - j*m**2. What is the hundreds digit of c(-11)?
1
Suppose 8820 = r + 4*x, -2959 + 11789 = r + 2*x. What is the hundreds digit of r?
8
Let j = -79137 + 140397. What is the tens digit of j?
6
Suppose 4*h = -i + 75532, 0 = 21*h - 16*h + 2*i - 94415. What is the units digit of h?
3
Let g(h) = 10*h + 3534. What is the thousands digit of g(-42)?
3
Let w(r) = -80*r**2 - 3*r + 2. Let m be w(2). Let a = m + 552. What is the units digit of a?
8
Let o = 745 + 6311. What is the hundreds digit of o?
0
Suppose 2007 = 3*i + u, -44*u - 1338 = -2*i - 45*u. What is the units digit of i?
9
Let k(c) = 12*c**3 - 4*c**2 - 3*c - 8. Suppose -j + 2*l + 2 = 0, -6 = -0*j - j - 2*l. Let x be k(j). Suppose a - 5*a = -x. What is the units digit of a?
1
Let c(r) = r**2 + 31*r + 153. Let y be c(-25). Suppose 90*z - 4710 = -5*f + 92*z, -y*z = 0. What is the hundreds digit of f?
9
Let q(p) = -2*p**3 - 11*p**2 + 72*p - 35. What is the units digit of q(-20)?
5
Let t = 719 + -233. Suppose -2*r + 2*v = -t, v = -v + 2. What is the units digit of r?
4
Suppose 10391 + 429 = 5*p - 5*x, 3*p - 6498 = -3*x. What is the units digit of p?
5
Suppose 5*g - 4*k = k + 25, 0 = -2*k - 4. Suppose -3*a + 696 = -2*j - j, 4*j = -g*a + 675. Let x = a + -64. What is the tens digit of x?
6
Suppose 5*b = -3*n - 6, b + 2*b = -n - 2. Let v be 207/(-18)*(2 + b). Let z = 192 + v. What is the units digit of z?
9
Let a = -210 + 162. What is the units digit of (-1097)/(-2) - a/32?
0
Let o(c) be the first derivative of 5*c**3/3 - 18*c**2 - 18*c + 121. What is the tens digit of o(12)?
7
Let k(a) = 6*a**3 - 6*a**2 - 93*a + 909. What is 